{"id":38,"date":"2022-01-28T11:07:49","date_gmt":"2022-01-28T11:07:49","guid":{"rendered":"https:\/\/handlewithflare.de\/wordpress\/?page_id=38"},"modified":"2024-06-27T07:48:07","modified_gmt":"2024-06-27T07:48:07","slug":"unsere-bikes","status":"publish","type":"page","link":"https:\/\/handlewithflare.de\/wordpress\/index.php\/unsere-bikes\/","title":{"rendered":"Das sind unsere Bikes"},"content":{"rendered":"\n<h3 class=\"wp-block-heading\" id=\"miriam\">Miriam<\/h3>\n\n\n\n<p>Hier ein paar Fotos von Miriams Wilier-Triestina Jena GRX RX810, Rahmengr\u00f6\u00dfe S<\/p>\n\n\n\n<figure class=\"wp-block-image size-large\"><img loading=\"lazy\" decoding=\"async\" width=\"1024\" height=\"768\" src=\"https:\/\/handlewithflare.de\/wordpress\/wp-content\/uploads\/2022\/01\/F1B62BC5-7E54-4D88-9060-A819D6A14649-1024x768.jpeg\" alt=\"\" class=\"wp-image-60\" srcset=\"https:\/\/handlewithflare.de\/wp-content\/uploads\/2022\/01\/F1B62BC5-7E54-4D88-9060-A819D6A14649-1024x768.jpeg 1024w, https:\/\/handlewithflare.de\/wp-content\/uploads\/2022\/01\/F1B62BC5-7E54-4D88-9060-A819D6A14649-300x225.jpeg 300w, https:\/\/handlewithflare.de\/wp-content\/uploads\/2022\/01\/F1B62BC5-7E54-4D88-9060-A819D6A14649-768x576.jpeg 768w, https:\/\/handlewithflare.de\/wp-content\/uploads\/2022\/01\/F1B62BC5-7E54-4D88-9060-A819D6A14649-1536x1153.jpeg 1536w, https:\/\/handlewithflare.de\/wp-content\/uploads\/2022\/01\/F1B62BC5-7E54-4D88-9060-A819D6A14649.jpeg 1599w\" sizes=\"auto, (max-width: 767px) 89vw, (max-width: 1000px) 54vw, (max-width: 1071px) 543px, 580px\" \/><\/figure>\n\n\n\n<hr class=\"wp-block-separator has-css-opacity\"\/>\n\n\n\n<h3 class=\"wp-block-heading\" id=\"michael\">Michael<\/h3>\n\n\n\n<p>Rose Backroad GRX 810 Di2, Rahmenh\u00f6he 57 in Evil-Pepper-Green<\/p>\n\n\n\n<figure class=\"wp-block-image size-large\"><img loading=\"lazy\" decoding=\"async\" width=\"2048\" height=\"1536\" src=\"https:\/\/handlewithflare.de\/wordpress\/wp-content\/uploads\/2022\/01\/6c0a2399-14c0-439e-a8c1-03f84f35ce2d.jpg\" alt=\"\" class=\"wp-image-56\" srcset=\"https:\/\/handlewithflare.de\/wp-content\/uploads\/2022\/01\/6c0a2399-14c0-439e-a8c1-03f84f35ce2d.jpg 2048w, https:\/\/handlewithflare.de\/wp-content\/uploads\/2022\/01\/6c0a2399-14c0-439e-a8c1-03f84f35ce2d-300x225.jpg 300w, https:\/\/handlewithflare.de\/wp-content\/uploads\/2022\/01\/6c0a2399-14c0-439e-a8c1-03f84f35ce2d-1024x768.jpg 1024w, https:\/\/handlewithflare.de\/wp-content\/uploads\/2022\/01\/6c0a2399-14c0-439e-a8c1-03f84f35ce2d-768x576.jpg 768w, https:\/\/handlewithflare.de\/wp-content\/uploads\/2022\/01\/6c0a2399-14c0-439e-a8c1-03f84f35ce2d-1536x1152.jpg 1536w\" sizes=\"auto, (max-width: 767px) 89vw, (max-width: 1000px) 54vw, (max-width: 1071px) 543px, 580px\" \/><\/figure>\n\n\n\n<figure class=\"wp-block-image size-large\"><img loading=\"lazy\" decoding=\"async\" width=\"2560\" height=\"1920\" src=\"https:\/\/handlewithflare.de\/wordpress\/wp-content\/uploads\/2022\/01\/img_1620-scaled.jpg\" alt=\"\" class=\"wp-image-57\" srcset=\"https:\/\/handlewithflare.de\/wp-content\/uploads\/2022\/01\/img_1620-scaled.jpg 2560w, https:\/\/handlewithflare.de\/wp-content\/uploads\/2022\/01\/img_1620-300x225.jpg 300w, https:\/\/handlewithflare.de\/wp-content\/uploads\/2022\/01\/img_1620-1024x768.jpg 1024w, https:\/\/handlewithflare.de\/wp-content\/uploads\/2022\/01\/img_1620-768x576.jpg 768w, https:\/\/handlewithflare.de\/wp-content\/uploads\/2022\/01\/img_1620-1536x1152.jpg 1536w, https:\/\/handlewithflare.de\/wp-content\/uploads\/2022\/01\/img_1620-2048x1536.jpg 2048w\" sizes=\"auto, (max-width: 767px) 89vw, (max-width: 1000px) 54vw, (max-width: 1071px) 543px, 580px\" \/><\/figure>\n\n\n\n<p>Rennrad Rose PRO SL DISC 105 in der Farbe matt silvergrey, Rahmenh\u00f6he Gr\u00f6\u00dfe: 59 aus Aluminium und einem Gewicht von 8,9kg<\/p>\n\n\n\n<figure class=\"wp-block-image size-full\"><img loading=\"lazy\" decoding=\"async\" width=\"605\" height=\"807\" src=\"https:\/\/handlewithflare.de\/wp-content\/uploads\/2024\/06\/IMG_4514.jpg\" alt=\"\" class=\"wp-image-179\" srcset=\"https:\/\/handlewithflare.de\/wp-content\/uploads\/2024\/06\/IMG_4514.jpg 605w, https:\/\/handlewithflare.de\/wp-content\/uploads\/2024\/06\/IMG_4514-225x300.jpg 225w\" sizes=\"auto, (max-width: 605px) 100vw, 605px\" \/><\/figure>\n\n\n\n<figure class=\"wp-block-image size-full\"><img loading=\"lazy\" decoding=\"async\" width=\"605\" height=\"807\" src=\"https:\/\/handlewithflare.de\/wp-content\/uploads\/2024\/06\/IMG_4515.jpg\" alt=\"\" class=\"wp-image-180\" srcset=\"https:\/\/handlewithflare.de\/wp-content\/uploads\/2024\/06\/IMG_4515.jpg 605w, https:\/\/handlewithflare.de\/wp-content\/uploads\/2024\/06\/IMG_4515-225x300.jpg 225w\" sizes=\"auto, (max-width: 605px) 100vw, 605px\" \/><\/figure>\n","protected":false},"excerpt":{"rendered":"<p>Miriam Hier ein paar Fotos von Miriams Wilier-Triestina Jena GRX RX810, Rahmengr\u00f6\u00dfe S Michael Rose Backroad GRX 810 Di2, Rahmenh\u00f6he 57 in Evil-Pepper-Green Rennrad Rose PRO SL DISC 105 in der Farbe matt silvergrey, Rahmenh\u00f6he Gr\u00f6\u00dfe: 59 aus Aluminium und einem Gewicht von 8,9kg<\/p>\n","protected":false},"author":1,"featured_media":0,"parent":0,"menu_order":0,"comment_status":"closed","ping_status":"closed","template":"","meta":{"footnotes":""},"class_list":["post-38","page","type-page","status-publish","hentry"],"_links":{"self":[{"href":"https:\/\/handlewithflare.de\/wordpress\/index.php\/wp-json\/wp\/v2\/pages\/38","targetHints":{"allow":["GET"]}}],"collection":[{"href":"https:\/\/handlewithflare.de\/wordpress\/index.php\/wp-json\/wp\/v2\/pages"}],"about":[{"href":"https:\/\/handlewithflare.de\/wordpress\/index.php\/wp-json\/wp\/v2\/types\/page"}],"author":[{"embeddable":true,"href":"https:\/\/handlewithflare.de\/wordpress\/index.php\/wp-json\/wp\/v2\/users\/1"}],"replies":[{"embeddable":true,"href":"https:\/\/handlewithflare.de\/wordpress\/index.php\/wp-json\/wp\/v2\/comments?post=38"}],"version-history":[{"count":9,"href":"https:\/\/handlewithflare.de\/wordpress\/index.php\/wp-json\/wp\/v2\/pages\/38\/revisions"}],"predecessor-version":[{"id":184,"href":"https:\/\/handlewithflare.de\/wordpress\/index.php\/wp-json\/wp\/v2\/pages\/38\/revisions\/184"}],"wp:attachment":[{"href":"https:\/\/handlewithflare.de\/wordpress\/index.php\/wp-json\/wp\/v2\/media?parent=38"}],"curies":[{"name":"wp","href":"https:\/\/api.w.org\/{rel}","templated":true}]}}